{"id":114,"date":"2016-11-17T14:29:53","date_gmt":"2016-11-17T12:29:53","guid":{"rendered":"http:\/\/spasturda.ro\/wordpress\/?page_id=114"},"modified":"2025-09-23T14:15:55","modified_gmt":"2025-09-23T11:15:55","slug":"centrul-igiena","status":"publish","type":"page","link":"http:\/\/asistentasocialaturda.ro\/index.php\/centrul-igiena\/","title":{"rendered":"Centrul comunitar de igien\u0103 \u0219i s\u0103n\u0103tate"},"content":{"rendered":"<p><em>Str. C\u00e2mpiei, nr. 57, Turda, jud. Cluj<\/em><\/p>\n<p>&nbsp;<\/p>\n<p style=\"text-align: justify;\">Proiectul a fost finan\u021bat din Fondul Rom\u00e2n de Dezvoltare Social\u0103 prin Acord de \u00cemprumut cu Banca Mondial\u0103, \u00een cadrul Programului de Interven\u021bii Prioritare;<\/p>\n<ul>\n<li>valoare total\u0103: <b>131.144 Euro;<\/b><\/li>\n<li>perioada de implementare:\n<ul>\n<li>noiembrie 2009 \u2013 octombrie 2011;<\/li>\n<\/ul>\n<\/li>\n<li>Ini\u021biator: Municipiul Turda.<\/li>\n<\/ul>\n<p><b>Obiective<\/b><\/p>\n<ul>\n<li style=\"text-align: justify;\">Cre\u0219terea gradului de confort la nivelul comunit\u0103\u021bii;<\/li>\n<li style=\"text-align: justify;\">Formarea de conduite \u0219i comportamente care s\u0103 conduc\u0103 la \u00eembun\u0103t\u0103\u021birea st\u0103rii de s\u0103n\u0103tate a membrilor comunit\u0103\u021bii;<\/li>\n<li style=\"text-align: justify;\">\u00cembun\u0103t\u0103\u021birea igienei la nivelul gospod\u0103riilor \u0219i a comunit\u0103\u021bii;<\/li>\n<li style=\"text-align: justify;\">\u00cembun\u0103t\u0103\u021birea st\u0103rii de s\u0103n\u0103tate \u00een r\u00e2ndul membrilor comunit\u0103\u021bii;<\/li>\n<li style=\"text-align: justify;\">Cre\u0219terea frecven\u021bei vizitelor la medicul de familie a membrilor comunit\u0103\u021bii;<\/li>\n<li style=\"text-align: justify;\">Participare crescut\u0103 \u0219i activ\u0103 la campaniile de informare \u0219i prevenire din domeniul s\u0103n\u0103t\u0103\u021bii.<\/li>\n<\/ul>\n<p style=\"text-align: justify;\"><b>GRUP \u021aINT\u0102<\/b><\/p>\n<ul>\n<li style=\"text-align: justify;\">Beneficiarii Centrului Comunitar de Igien\u0103 \u0219i S\u0103n\u0103tate Turda sunt membrii comunit\u0103\u021bii de etnie rom\u0103 de pe strada Margaretelor, cartier Poiana;<\/li>\n<li style=\"text-align: justify;\">\u00cen prezent, de serviciile Centrului Comunitar de Igien\u0103 \u0219i S\u0103n\u0103tate mai beneficiaz\u0103 119 persoane.<\/li>\n<\/ul>\n<p><b>Servicii<\/b><\/p>\n<ul>\n<li style=\"text-align: justify;\">Servicii sociale;<\/li>\n<li style=\"text-align: justify;\">Servicii de \u00eengrijire \u0219i men\u021binere a s\u0103n\u0103t\u0103\u021bii prin punerea la dispozi\u021bia membrilor comunit\u0103\u021bii a unei sp\u0103l\u0103torii \u0219i b\u0103i publice;<\/li>\n<li style=\"text-align: justify;\">Servicii de informare \u0219i educa\u021bie sanitar\u0103 pentru membrii comunit\u0103\u021bii prin derularea de <b>campanii;<\/b><\/li>\n<li style=\"text-align: justify;\">Servicii medicale de prim ajutor;<\/li>\n<\/ul>\n<p><img loading=\"lazy\" decoding=\"async\" class=\"aligncenter wp-image-115 size-full\" src=\"http:\/\/asistentasocialaturda.ro\/wp-content\/uploads\/2016\/11\/igiena1.jpg\" alt=\"igiena1\" width=\"957\" height=\"670\" srcset=\"http:\/\/asistentasocialaturda.ro\/wp-content\/uploads\/2016\/11\/igiena1.jpg 957w, http:\/\/asistentasocialaturda.ro\/wp-content\/uploads\/2016\/11\/igiena1-300x210.jpg 300w, http:\/\/asistentasocialaturda.ro\/wp-content\/uploads\/2016\/11\/igiena1-768x538.jpg 768w, http:\/\/asistentasocialaturda.ro\/wp-content\/uploads\/2016\/11\/igiena1-429x300.jpg 429w\" sizes=\"auto, (max-width: 957px) 100vw, 957px\" \/><\/p>\n<p><img loading=\"lazy\" decoding=\"async\" class=\"size-thumbnail wp-image-282 alignleft\" src=\"http:\/\/asistentasocialaturda.ro\/wp-content\/uploads\/2016\/11\/r1-150x150.jpg\" alt=\"r1\" width=\"150\" height=\"150\" \/> <img loading=\"lazy\" decoding=\"async\" class=\"size-thumbnail wp-image-283 alignleft\" src=\"http:\/\/asistentasocialaturda.ro\/wp-content\/uploads\/2016\/11\/r2-150x150.jpg\" alt=\"r2\" width=\"150\" height=\"150\" \/> <img loading=\"lazy\" decoding=\"async\" class=\"size-thumbnail wp-image-284 alignleft\" src=\"http:\/\/asistentasocialaturda.ro\/wp-content\/uploads\/2016\/11\/r3-150x150.jpg\" alt=\"r3\" width=\"150\" height=\"150\" \/> <img loading=\"lazy\" decoding=\"async\" class=\"size-thumbnail wp-image-285 alignleft\" src=\"http:\/\/asistentasocialaturda.ro\/wp-content\/uploads\/2016\/11\/r4-150x150.jpg\" alt=\"r4\" width=\"150\" height=\"150\" \/> <img loading=\"lazy\" decoding=\"async\" class=\"size-thumbnail wp-image-286 alignleft\" src=\"http:\/\/asistentasocialaturda.ro\/wp-content\/uploads\/2016\/11\/r5-150x150.jpg\" alt=\"r5\" width=\"150\" height=\"150\" \/> <img loading=\"lazy\" decoding=\"async\" class=\"size-thumbnail wp-image-287 alignleft\" src=\"http:\/\/asistentasocialaturda.ro\/wp-content\/uploads\/2016\/11\/r6-150x150.jpg\" alt=\"r6\" width=\"150\" height=\"150\" \/> <img loading=\"lazy\" decoding=\"async\" class=\"size-thumbnail wp-image-288 alignleft\" src=\"http:\/\/asistentasocialaturda.ro\/wp-content\/uploads\/2016\/11\/r7-150x150.jpg\" alt=\"r7\" width=\"150\" height=\"150\" \/> <img loading=\"lazy\" decoding=\"async\" class=\"size-thumbnail wp-image-289 alignleft\" src=\"http:\/\/asistentasocialaturda.ro\/wp-content\/uploads\/2016\/11\/r8-150x150.jpg\" alt=\"r8\" width=\"150\" height=\"150\" \/> <img loading=\"lazy\" decoding=\"async\" class=\"size-thumbnail wp-image-290 alignleft\" src=\"http:\/\/asistentasocialaturda.ro\/wp-content\/uploads\/2016\/11\/r9-150x150.jpg\" alt=\"r9\" width=\"150\" height=\"150\" \/> <img loading=\"lazy\" decoding=\"async\" class=\"size-thumbnail wp-image-294 alignleft\" src=\"http:\/\/asistentasocialaturda.ro\/wp-content\/uploads\/2016\/11\/r10-150x150.jpg\" alt=\"r10\" width=\"150\" height=\"150\" \/> <img loading=\"lazy\" decoding=\"async\" class=\"size-thumbnail wp-image-295 alignleft\" src=\"http:\/\/asistentasocialaturda.ro\/wp-content\/uploads\/2016\/11\/r11-150x150.jpg\" alt=\"r11\" width=\"150\" height=\"150\" \/> <img loading=\"lazy\" decoding=\"async\" class=\"alignnone size-thumbnail wp-image-296\" src=\"http:\/\/asistentasocialaturda.ro\/wp-content\/uploads\/2016\/11\/r12-150x150.jpg\" alt=\"r12\" width=\"150\" height=\"150\" \/><\/p>\n<p><a href=\"http:\/\/asistentasocialaturda.ro\/wp-content\/uploads\/2025\/09\/CENTRUL-COMUNITAR-DE-IGIENA-SI-SANATATE.pdf\">REGULAMENTUL DE ORGANIZARE \u0218I FUNC\u021aIONARE<\/a><\/p>\n","protected":false},"excerpt":{"rendered":"<p>Str. C\u00e2mpiei, nr. 57, Turda, jud. Cluj &nbsp; Proiectul a fost finan\u021bat din Fondul Rom\u00e2n de Dezvoltare Social\u0103 prin Acord de \u00cemprumut cu Banca Mondial\u0103, \u00een cadrul Programului de Interven\u021bii Prioritare; valoare total\u0103: 131.144 Euro; perioada de implementare: noiembrie 2009 \u2013 octombrie 2011; Ini\u021biator: Municipiul Turda. Obiective Cre\u0219terea gradului de confort la nivelul comunit\u0103\u021bii; Formarea de conduite \u0219i comportamente care s\u0103 conduc\u0103 la \u00eembun\u0103t\u0103\u021birea st\u0103rii de s\u0103n\u0103tate a membrilor comunit\u0103\u021bii; \u00cembun\u0103t\u0103\u021birea igienei la nivelul gospod\u0103riilor \u0219i a comunit\u0103\u021bii; \u00cembun\u0103t\u0103\u021birea st\u0103rii de s\u0103n\u0103tate \u00een r\u00e2ndul membrilor comunit\u0103\u021bii; Cre\u0219terea frecven\u021bei vizitelor la medicul de familie a membrilor comunit\u0103\u021bii; Participare crescut\u0103 \u0219i activ\u0103 la campaniile de informare \u0219i prevenire din domeniul s\u0103n\u0103t\u0103\u021bii. GRUP \u021aINT\u0102 Beneficiarii Centrului Comunitar de Igien\u0103 \u0219i S\u0103n\u0103tate Turda sunt membrii comunit\u0103\u021bii de etnie rom\u0103 de pe strada Margaretelor, cartier Poiana; \u00cen prezent, de serviciile Centrului Comunitar de Igien\u0103 \u0219i S\u0103n\u0103tate mai beneficiaz\u0103 119 persoane. Servicii Servicii sociale; Servicii de \u00eengrijire \u0219i men\u021binere a s\u0103n\u0103t\u0103\u021bii prin punerea la dispozi\u021bia membrilor comunit\u0103\u021bii a unei sp\u0103l\u0103torii \u0219i b\u0103i publice; Servicii de informare \u0219i educa\u021bie sanitar\u0103 pentru membrii comunit\u0103\u021bii prin derularea de campanii; Servicii medicale de prim ajutor; REGULAMENTUL DE ORGANIZARE \u0218I FUNC\u021aIONARE<\/p>\n","protected":false},"author":1,"featured_media":0,"parent":0,"menu_order":8,"comment_status":"closed","ping_status":"closed","template":"","meta":{"footnotes":""},"class_list":["post-114","page","type-page","status-publish","hentry"],"aioseo_notices":[],"_links":{"self":[{"href":"http:\/\/asistentasocialaturda.ro\/index.php\/wp-json\/wp\/v2\/pages\/114","targetHints":{"allow":["GET"]}}],"collection":[{"href":"http:\/\/asistentasocialaturda.ro\/index.php\/wp-json\/wp\/v2\/pages"}],"about":[{"href":"http:\/\/asistentasocialaturda.ro\/index.php\/wp-json\/wp\/v2\/types\/page"}],"author":[{"embeddable":true,"href":"http:\/\/asistentasocialaturda.ro\/index.php\/wp-json\/wp\/v2\/users\/1"}],"replies":[{"embeddable":true,"href":"http:\/\/asistentasocialaturda.ro\/index.php\/wp-json\/wp\/v2\/comments?post=114"}],"version-history":[{"count":14,"href":"http:\/\/asistentasocialaturda.ro\/index.php\/wp-json\/wp\/v2\/pages\/114\/revisions"}],"predecessor-version":[{"id":4543,"href":"http:\/\/asistentasocialaturda.ro\/index.php\/wp-json\/wp\/v2\/pages\/114\/revisions\/4543"}],"wp:attachment":[{"href":"http:\/\/asistentasocialaturda.ro\/index.php\/wp-json\/wp\/v2\/media?parent=114"}],"curies":[{"name":"wp","href":"https:\/\/api.w.org\/{rel}","templated":true}]}}